[INFO] cloning repository https://github.com/JordanShurmer/solid-rust
[INFO] running `Command { std: "git" "-c" "credential.helper=" "-c" "credential.helper=/workspace/cargo-home/bin/git-credential-null" "clone" "--bare" "https://github.com/JordanShurmer/solid-rust" "/workspace/cache/git-repos/https%3A%2F%2Fgithub.com%2FJordanShurmer%2Fsolid-rust", kill_on_drop: false }`
[INFO] [stderr] Cloning into bare repository '/workspace/cache/git-repos/https%3A%2F%2Fgithub.com%2FJordanShurmer%2Fsolid-rust'...
[INFO] running `Command { std: "git" "rev-parse" "HEAD", kill_on_drop: false }`
[INFO] [stdout] 8d603f9af5ff584c2ea824d5a5a37e0e9f4f4202
[INFO] checking JordanShurmer/solid-rust against try#72f88fc4e9458f89516a0b8b0868f3718aec5b47 for pr-74989
[INFO] running `Command { std: "git" "clone" "/workspace/cache/git-repos/https%3A%2F%2Fgithub.com%2FJordanShurmer%2Fsolid-rust" "/workspace/builds/worker-8/source", kill_on_drop: false }`
[INFO] [stderr] Cloning into '/workspace/builds/worker-8/source'...
[INFO] [stderr] done.
[INFO] validating manifest of git repo https://github.com/JordanShurmer/solid-rust on toolchain 72f88fc4e9458f89516a0b8b0868f3718aec5b47
[INFO] running `Command { std: "/workspace/cargo-home/bin/cargo" "+72f88fc4e9458f89516a0b8b0868f3718aec5b47" "read-manifest" "--manifest-path" "Cargo.toml", kill_on_drop: false }`
[INFO] started tweaking git repo https://github.com/JordanShurmer/solid-rust
[INFO] removed workspace from git repo https://github.com/JordanShurmer/solid-rust
[INFO] removed path dependency server from git repo https://github.com/JordanShurmer/solid-rust
[INFO] finished tweaking git repo https://github.com/JordanShurmer/solid-rust
[INFO] tweaked toml for git repo https://github.com/JordanShurmer/solid-rust written to /workspace/builds/worker-8/source/Cargo.toml
[INFO] crate git repo https://github.com/JordanShurmer/solid-rust already has a lockfile, it will not be regenerated
[INFO] running `Command { std: "/workspace/cargo-home/bin/cargo" "+72f88fc4e9458f89516a0b8b0868f3718aec5b47" "fetch" "--locked" "--manifest-path" "Cargo.toml", kill_on_drop: false }`
[INFO] [stderr] warning: dependency (server) specified without providing a local path, Git repository, or version to use. This will be considered an error in future versions
[INFO] [stderr]     Updating crates.io index
[INFO] [stderr] error: the lock file /workspace/builds/worker-8/source/Cargo.lock needs to be updated but --locked was passed to prevent this
[INFO] [stderr] If you want to try to generate the lock file without accessing the network, use the --offline flag.
[INFO] the lockfile is outdated, regenerating it
[INFO] running `Command { std: "/workspace/cargo-home/bin/cargo" "+72f88fc4e9458f89516a0b8b0868f3718aec5b47" "generate-lockfile" "--manifest-path" "Cargo.toml" "-Zno-index-update", kill_on_drop: false }`
[INFO] running `Command { std: "/workspace/cargo-home/bin/cargo" "+72f88fc4e9458f89516a0b8b0868f3718aec5b47" "fetch" "--locked" "--manifest-path" "Cargo.toml", kill_on_drop: false }`
[INFO] [stderr] warning: dependency (server) specified without providing a local path, Git repository, or version to use. This will be considered an error in future versions
[INFO] [stderr]  Downloading crates ...
[INFO] [stderr]   Downloaded server v0.1.0
[INFO] running `Command { std: "docker" "create" "-v" "/var/lib/crater-agent-workspace/builds/worker-8/target:/opt/rustwide/target:rw,Z" "-v" "/var/lib/crater-agent-workspace/builds/worker-8/source:/opt/rustwide/workdir:ro,Z" "-v" "/var/lib/crater-agent-workspace/cargo-home:/opt/rustwide/cargo-home:ro,Z" "-v" "/var/lib/crater-agent-workspace/rustup-home:/opt/rustwide/rustup-home:ro,Z" "-e" "SOURCE_DIR=/opt/rustwide/workdir" "-e" "CARGO_TARGET_DIR=/opt/rustwide/target" "-e" "CARGO_HOME=/opt/rustwide/cargo-home" "-e" "RUSTUP_HOME=/opt/rustwide/rustup-home" "-w" "/opt/rustwide/workdir" "-m" "1610612736" "--user" "0:0" "--network" "none" "rustops/crates-build-env@sha256:d92eaeed33fa75130ca1ee6c8a01d1ffb62bac859dfdfb3450e3e5d1c0146529" "/opt/rustwide/cargo-home/bin/cargo" "+72f88fc4e9458f89516a0b8b0868f3718aec5b47" "metadata" "--no-deps" "--format-version=1", kill_on_drop: false }`
[INFO] [stdout] 2e2f097c1918b784f387eb9c34b21138e568a81b76b40e80fcc4a42ba6cc4aa8
[INFO] [stderr] WARNING: Your kernel does not support swap limit capabilities or the cgroup is not mounted. Memory limited without swap.
[INFO] running `Command { std: "docker" "start" "-a" "2e2f097c1918b784f387eb9c34b21138e568a81b76b40e80fcc4a42ba6cc4aa8", kill_on_drop: false }`
[INFO] running `Command { std: "docker" "inspect" "2e2f097c1918b784f387eb9c34b21138e568a81b76b40e80fcc4a42ba6cc4aa8", kill_on_drop: false }`
[INFO] running `Command { std: "docker" "rm" "-f" "2e2f097c1918b784f387eb9c34b21138e568a81b76b40e80fcc4a42ba6cc4aa8", kill_on_drop: false }`
[INFO] [stdout] 2e2f097c1918b784f387eb9c34b21138e568a81b76b40e80fcc4a42ba6cc4aa8
[INFO] running `Command { std: "docker" "create" "-v" "/var/lib/crater-agent-workspace/builds/worker-8/target:/opt/rustwide/target:rw,Z" "-v" "/var/lib/crater-agent-workspace/builds/worker-8/source:/opt/rustwide/workdir:ro,Z" "-v" "/var/lib/crater-agent-workspace/cargo-home:/opt/rustwide/cargo-home:ro,Z" "-v" "/var/lib/crater-agent-workspace/rustup-home:/opt/rustwide/rustup-home:ro,Z" "-e" "SOURCE_DIR=/opt/rustwide/workdir" "-e" "CARGO_TARGET_DIR=/opt/rustwide/target" "-e" "CARGO_INCREMENTAL=0" "-e" "RUST_BACKTRACE=full" "-e" "RUSTFLAGS=--cap-lints=forbid" "-e" "CARGO_HOME=/opt/rustwide/cargo-home" "-e" "RUSTUP_HOME=/opt/rustwide/rustup-home" "-w" "/opt/rustwide/workdir" "-m" "1610612736" "--user" "0:0" "--network" "none" "rustops/crates-build-env@sha256:d92eaeed33fa75130ca1ee6c8a01d1ffb62bac859dfdfb3450e3e5d1c0146529" "/opt/rustwide/cargo-home/bin/cargo" "+72f88fc4e9458f89516a0b8b0868f3718aec5b47" "check" "--frozen" "--all" "--all-targets" "--message-format=json", kill_on_drop: false }`
[INFO] [stderr] WARNING: Your kernel does not support swap limit capabilities or the cgroup is not mounted. Memory limited without swap.
[INFO] [stdout] b049a11513f4da4948aa818af49e8ce7001873d5220378aedf044a6bf26277bc
[INFO] running `Command { std: "docker" "start" "-a" "b049a11513f4da4948aa818af49e8ce7001873d5220378aedf044a6bf26277bc", kill_on_drop: false }`
[INFO] [stderr] warning: dependency (server) specified without providing a local path, Git repository, or version to use. This will be considered an error in future versions
[INFO] [stderr]    Compiling libc v0.2.77
[INFO] [stderr]    Compiling proc-macro2 v1.0.21
[INFO] [stderr]    Compiling unicode-xid v0.2.1
[INFO] [stderr]    Compiling syn v1.0.40
[INFO] [stderr]    Compiling autocfg v1.0.1
[INFO] [stderr]    Compiling memchr v2.3.3
[INFO] [stderr]     Checking futures-core-preview v0.3.0-alpha.19
[INFO] [stderr]    Compiling log v0.4.11
[INFO] [stderr]    Compiling pin-project-internal v0.4.23
[INFO] [stderr]     Checking pin-utils v0.1.0
[INFO] [stderr]    Compiling bitflags v1.2.1
[INFO] [stderr]    Compiling unicode-segmentation v1.6.0
[INFO] [stderr]     Checking quick-error v1.2.3
[INFO] [stderr]     Checking unicode-width v0.1.8
[INFO] [stderr]     Checking regex-syntax v0.6.18
[INFO] [stderr]     Checking ansi_term v0.11.0
[INFO] [stderr]     Checking strsim v0.8.0
[INFO] [stderr]     Checking vec_map v0.8.2
[INFO] [stderr]     Checking termcolor v1.1.0
[INFO] [stderr]     Checking bytes v0.5.6
[INFO] [stderr]     Checking pin-project-lite v0.1.7
[INFO] [stderr]     Checking server v0.1.0
[INFO] [stderr]    Compiling proc-macro-error-attr v1.0.4
[INFO] [stderr]    Compiling proc-macro-error v1.0.4
[INFO] [stderr]     Checking thread_local v1.0.1
[INFO] [stderr]     Checking textwrap v0.11.0
[INFO] [stderr]     Checking humantime v1.3.0
[INFO] [stderr]     Checking futures-channel-preview v0.3.0-alpha.19
[INFO] [stderr]    Compiling heck v0.3.1
[INFO] [stderr]    Compiling num-traits v0.2.12
[INFO] [stderr]    Compiling num-integer v0.1.43
[INFO] [stderr]     Checking futures-util-preview v0.3.0-alpha.19
[INFO] [stderr]     Checking tokio v0.2.22
[INFO] [stderr]     Checking aho-corasick v0.7.13
[INFO] [stderr]    Compiling quote v1.0.7
[INFO] [stderr]     Checking atty v0.2.14
[INFO] [stderr]     Checking iovec v0.1.4
[INFO] [stderr]     Checking time v0.1.44
[INFO] [stderr]     Checking clap v2.33.3
[INFO] [stderr]     Checking bytes v0.4.12
[INFO] [stderr]     Checking chrono v0.4.15
[INFO] [stderr]     Checking tokio-sync v0.2.0-alpha.6
[INFO] [stderr]     Checking regex v1.3.9
[INFO] [stderr]     Checking tokio-executor v0.2.0-alpha.6
[INFO] [stderr]     Checking env_logger v0.6.2
[INFO] [stderr]     Checking pretty_env_logger v0.3.1
[INFO] [stderr]    Compiling structopt-derive v0.4.10
[INFO] [stderr]     Checking structopt v0.3.17
[INFO] [stderr]     Checking pin-project v0.4.23
[INFO] [stderr]     Checking tokio-io v0.2.0-alpha.6
[INFO] [stderr]     Checking tokio-fs v0.2.0-alpha.6
[INFO] [stderr]     Checking solid-rust v0.1.0 (/opt/rustwide/workdir)
[INFO] [stdout] error[E0432]: unresolved import `server::serve`
[INFO] [stdout]  --> src/main.rs:1:5
[INFO] [stdout]   |
[INFO] [stdout] 1 | use server::serve;
[INFO] [stdout]   |     ^^^^^^^^^^^^^ no `serve` in the root
[INFO] [stdout] 
[INFO] [stdout] 
[INFO] [stdout] error[E0433]: failed to resolve: could not find `main` in `tokio`
[INFO] [stdout]   --> src/main.rs:16:10
[INFO] [stdout]    |
[INFO] [stdout] 16 | #[tokio::main]
[INFO] [stdout]    |          ^^^^ could not find `main` in `tokio`
[INFO] [stdout] 
[INFO] [stdout] 
[INFO] [stdout] error[E0432]: unresolved import `server::serve`
[INFO] [stdout]  --> src/main.rs:1:5
[INFO] [stdout]   |
[INFO] [stdout] 1 | use server::serve;
[INFO] [stdout]   |     ^^^^^^^^^^^^^ no `serve` in the root
[INFO] [stdout] 
[INFO] [stdout] 
[INFO] [stdout] error[E0433]: failed to resolve: could not find `main` in `tokio`
[INFO] [stdout]   --> src/main.rs:16:10
[INFO] [stdout]    |
[INFO] [stdout] 16 | #[tokio::main]
[INFO] [stdout]    |          ^^^^ could not find `main` in `tokio`
[INFO] [stdout] 
[INFO] [stdout] 
[INFO] [stdout] error: aborting due to 2 previous errors
[INFO] [stdout] 
[INFO] [stdout] 
[INFO] [stdout] Some errors have detailed explanations: E0432, E0433.
[INFO] [stdout] 
[INFO] [stdout] For more information about an error, try `rustc --explain E0432`.
[INFO] [stdout] 
[INFO] [stderr] error: could not compile `solid-rust`.
[INFO] [stderr] 
[INFO] [stderr] To learn more, run the command again with --verbose.
[INFO] [stderr] warning: build failed, waiting for other jobs to finish...
[INFO] [stdout] error[E0277]: `main` has invalid return type `impl std::future::Future`
[INFO] [stdout]   --> src/main.rs:17:20
[INFO] [stdout]    |
[INFO] [stdout] 17 | async fn main() -> Result<(), Box<dyn std::error::Error>> {
[INFO] [stdout]    |                    ^^^^^^^^^^^^^^^^^^^^^^^^^^^^^^^^^^^^^^ `main` can only return types that implement `Termination`
[INFO] [stdout]    |
[INFO] [stdout]    = help: consider using `()`, or a `Result`
[INFO] [stdout] 
[INFO] [stdout] 
[INFO] [stdout] error[E0752]: `main` function is not allowed to be `async`
[INFO] [stdout]   --> src/main.rs:17:1
[INFO] [stdout]    |
[INFO] [stdout] 17 | async fn main() -> Result<(), Box<dyn std::error::Error>> {
[INFO] [stdout]    | ^^^^^^^^^^^^^^^^^^^^^^^^^^^^^^^^^^^^^^^^^^^^^^^^^^^^^^^^^ `main` function is not allowed to be `async`
[INFO] [stdout] 
[INFO] [stdout] 
[INFO] [stdout] error: aborting due to 4 previous errors
[INFO] [stdout] 
[INFO] [stdout] 
[INFO] [stdout] Some errors have detailed explanations: E0277, E0432, E0433, E0752.
[INFO] [stdout] 
[INFO] [stdout] For more information about an error, try `rustc --explain E0277`.
[INFO] [stdout] 
[INFO] [stderr] error: build failed
[INFO] running `Command { std: "docker" "inspect" "b049a11513f4da4948aa818af49e8ce7001873d5220378aedf044a6bf26277bc", kill_on_drop: false }`
[INFO] running `Command { std: "docker" "rm" "-f" "b049a11513f4da4948aa818af49e8ce7001873d5220378aedf044a6bf26277bc", kill_on_drop: false }`
[INFO] [stdout] b049a11513f4da4948aa818af49e8ce7001873d5220378aedf044a6bf26277bc
